-6).
-15
Let b(m) be the second derivative of -m**5/20 + m**4/4 - 2*m**2 - 21*m. Let t be (-1)/(3/(-6 + -3)). Give b(t).
-4
Let g(k) = 10*k**2 + 2*k + 1. Suppose -1 = -2*f + 3. Let a(o) = -59*o - 3 + 2 - o**f + 56*o. Let j be a(-3). Give g(j).
9
Let g(d) = 4*d**2 - 3*d + 3. Let o = 563 - 561. Determine g(o).
13
Let v(l) = -l**3 + 3*l + 0*l**3 - l. Let f(z) = 18 - 2*z - 8 + z + 10. Let u be f(18). Give v(u).
-4
Let n(d) = -2*d + 0*d + d**3 + 827 - 834 - 6*d**2. Suppose 0 = 2*o - 5*g - 34 + 7, 2*o + g = 9. Give n(o).
-19
Suppose 3*r = -2*t + 5 + 3, 0 = -3*r - t + 4. Let i(f) = f**3 - 2*f**3 + f**2 + r*f**3 - 1 + 3*f + 0*f. What is i(2)?
1
Suppose c - 5 + 1 = 0. Suppose -u - 23 = -0*u + c*i, u = i + 2. Let b(g) = 2*g - 7*g + 2*g + 2*g + 4. What is b(u)?
7
Let z(h) = -h**3 - h**2 + 4*h + 1. Suppose 2*v + v - 9 = 0. Suppose 5*x + v = -2*b + 2*x, 0 = 5*b + 2*x + 13. Calculate z(b).
7
Let c(n) = -7*n + 11. Let a(t) = 7*t - 27. Let h(s) = -6*s + 28. Let p(k) = -6*a(k) - 5*h(k). Let u(b) = 7*c(b) - 4*p(b). Give u(-10).
-1
Suppose -3*j - 14 = 4*s, 4*s = 3*j + 2*j - 30. Let t(m) = -m**3 + 5*m**2 - 2*m + 2. Determine t(j).
10
Let o(w) = -2*w - 5. Suppose 2*p - 4*k + 28 = 0, 4*p + p - k = -25. Calculate o(p).
3
Let j be (-2)/(-13) + -8 + (-1136)/(-52). Let k(h) = -h**2 + 15*h - 1. Calculate k(j).
13
Let z(y) = 6 + 11*y + 5 - 21*y + 11*y. Suppose 0 = -0*f - f - 3*i - 15, 0 = -i - 3. Calculate z(f).
5
Let d(s) = 6*s - 1. Let h(u) = -16*u + 3. Let v(k) = -17*d(k) - 6*h(k). Calculate v(-2).
11
Suppose 0 = 3*g + 2*g - 25. Let z(l) be the third derivative of -5/6*l**3 + 0*l + 2*l**2 + 1/4*l**4 - 1/60*l**5 + 0. What is z(g)?
0
Let n = 7 - 3. Let q(k) = -k + 1. Let d(w) = -w. Let u(i) = -3*d(i) - q(i). What is u(n)?
15
Suppose -5*x = -25, -3*v - 25 + 0 = -2*x. Let q(j) = 3*j**3 - j**2 - j + 5. Let b(i) = -8*i**3 + 4*i**2 + 2*i - 14. Let c(k) = -4*b(k) - 11*q(k). What is c(v)?
-14
Suppose u - 144 = -49. Suppose -u*k = -93*k + 12. Let v(m) be the second derivative of m**3/6 + 6*m**2 + 4*m. What is v(k)?
6
Let k(s) = s**3 + 3*s**2 + s - 4. Let n = -26 - -23. Let b = -6 - n. Determine k(b).
-7
Suppose -9 = l - 3*l + 3*c, 0 = -2*l - 4*c + 30. Let s(a) = a**3 - 9*a**2 + 3*a - 2. Calculate s(l).
25
Let g(n) = -n**3 + 9*n**2 - 8*n - 1. Let i be g(8). Let h(r) = 1. Let q(l) = l - 6. Let b(k) = i*q(k) - 2*h(k). What is b(-6)?
10
Let w = -842 + 847. Let g(c) = c**3 - 5*c**2 + 3*c + 6. What is g(w)?
21
Let u(a) = -a**3 + 8*a**2 - 13*a - 1. Let h = -684 - -690. Calculate u(h).
-7
Let z(x) be the third derivative of 0 + 1/12*x**4 + 0*x + 1/60*x**5 + 15*x**2 - 1/2*x**3. Calculate z(2).
5
Let r = -121/69 + 48/23. Let j(a) be the first derivative of 3/4*a**4 + a + 5 - r*a**3 + 1/2*a**2. Determine j(-1).
-4
Let o(x) = -x**2 - 9*x + 5. Let n = -143 + 148. Let q be ((-15)/3 - n) + 8/2. Calculate o(q).
23
Let m(k) = k**3 + 2*k**2 - 4*k + 1. Let n(p) = -p**3 - 2*p**2 + 4*p - 2. Suppose d - 5*f = -18, 2*d + f = -2*f + 3. Let h(w) = d*n(w) - 4*m(w). Determine h(-3).
-1
Let h(q) = -q**3 - 7*q**2 + q + 2. Let x(y) = -y**3 + 4*y**2 + 10*y - 47. Let t be x(4). Calculate h(t).
-5
Suppose 6*y = 17 - 5. Let p(a) = 7*a**y - 2*a**3 + 6 + 10*a + a**3 - a**3 + a**3. What is p(8)?
22
Let w(n) = 131*n - 25. Let m(z) = 56*z - 12. Let f(b) = 7*m(b) - 3*w(b). What is f(-5)?
-4
Let n(k) = k**3 - 7*k**2 + 9*k - 5. Suppose 5*u - 5*y - 55 = 0, 4*u + 0*u + 5*y - 53 = 0. Suppose 16*t - u = 14*t. What is n(t)?
13
Let h(i) be the second derivative of i**3/6 + 2*i**2 + 295*i - 1. Calculate h(-7).
-3
Let n be (-15)/(-36) - (3 + -3). Let l(q) be the second derivative of -1/6*q**3 + 0 + n*q**4 - 1/20*q**5 - q**2 + 3*q. Determine l(5).
-7
Suppose 0 = -o - 2*h - 7, -4*o - 5*h = -0*o + 28. Let k(t) = -11*t**2 - 117*t - 54. Let n(s) = 2*s**2 + 21*s + 9. Let i(g) = 3*k(g) + 17*n(g). Give i(o).
-2
Let n(r) = r**3 - r**2 + r + 1. Let z(h) = -h + 8. Let u be z(9). Let f be 2 - u - (-7 - 0). Let w(i) = i - 12. Let g be w(f). What is n(g)?
-13
Let h(c) = -c**2 - 10*c - 12. Let k be 3/(-3) + (-38 - -33). Give h(k).
12
Let f(o) be the third derivative of o**4/12 - o**3/3 + o**2 - 3. What is f(1)?
0
Let a(t) = 6*t - 2. Suppose 2*q - 6 = 6*q - o, 4*q + 4*o + 16 = 0. Calculate a(q).
-14
Let o(f) = -3*f + 2. Let g be ((-5)/25)/(0 - 1/5). Give o(g).
-1
Let d(s) = s**2 + 6*s - 3. Let m(w) = -7*w**3 - 16*w**2 + 14*w - 7. Let x be m(-3). What is d(x)?
-11
Let f(r) = r**3 + 4*r**2 - 2*r + 1. Let v(l) = -l**2 + 0*l**2 - 4*l + 4 + 2*l. Suppose -4 = -3*h + 4*h. Let i be v(h). Give f(i).
9
Let c(y) = 2*y**3 + y**2 - 5*y + 1. Let o be c(2). Let r be (o - 14) + (-2 - 7 - -2). Let h(v) = -v - 3. Give h(r).
7
Suppose 6*j + 146 = -88. Let z = j + 34. Let t(h) = -h**2 - 6*h - 6. Calculate t(z).
-1
Let f = -8 + 9. Let k be (35/25)/(f/5). Let w(h) = -h**2 + 1 + 3 + 5*h - k. Calculate w(2).
3
Let j(q) = 30*q + 68*q - 102*q + 2*q**2. Calculate j(3).
6
Let o(y) = y**2 + 5*y - 2. Let n be o(-6). Let l(d) be the second derivative of d**5/20 - d**4/4 - 2*d**3/3 - d**2 + 325*d. Calculate l(n).
-2
Suppose -9 = 3*r - 0. Let d(h) = h**2 - h. Let v(k) = -2*k**3 - 9*k**2 + 6*k + 1. Let j(o) = 5*d(o) + v(o). What is j(r)?
16
Let z(h) = 2 - 27*h**2 + 17*h - 9 - 4*h**3 + 3*h**3 + 43*h**2. Let p be z(17). Let o(k) = k**3 + 8*k**2 + 5*k - 6. Give o(p).
8
Let f(b) = -5*b**2 + 0 + 6*b**2 + 9 + 10*b. Let v = 40 + -48. What is f(v)?
-7
Let u(s) = -3*s**3 - 13*s**2 - 4*s - 5. Let t(p) = -10*p**3 - 41*p**2 - 13*p - 14. Let c(f) = -2*t(f) + 7*u(f). Suppose -2*v = -5*v - 27. Give c(v).
11
Let x(j) = -7 + j + 18*j - j**3 - 10*j + 9*j**2 + 5*j. Calculate x(10).
33
Let o(j) = 3*j - 2*j + 6*j**2 - 3 - 1 + j**3. Let q = 50 + -20. Suppose -30*w = -35*w - q. Calculate o(w).
-10
Let w(q) = 6*q + 1. Let k(r) = 14*r + 17. Let o be k(14). Suppose 0 = -3*n + 3*a - o, -3*n + 9 = 3*a + 228. Let y be n/45 - (-3)/5. What is w(y)?
-5
Let z = 280 + -278. Let i(f) = f**2 - 2*f. Determine i(z).
0
Suppose 7*d - 4*d - 3*f = -9, -2 = 2*f. Let g(b) = -b**3 - 6*b**2 - 5*b + 2. What is g(d)?
-10
Let q(t) = t**3 - 2*t + 1. Let p(r) = 2 - 15*r**2 + 5*r - 1 + 21*r**2 + r**3 + 0. Let k be p(-5). Calculate q(k).
0
Let k(w) be the third derivative of -w**5/60 - w**4/4 - w**3/3 - w**2 - 3. Calculate k(-3).
7
Let t = 148 - 73. Let k be (-2)/((-10)/t*-5). Let p(f) = f + 7. What is p(k)?
4
Let n(w) = w**2 + w - 1. Let o be 3 + (-4 - -3) - 0. Suppose 4*a = o*r + 12, -5*r + 2*a = -3*a + 10. What is n(r)?
5
Let d(n) = -n - 9. Let o(u) = -5*u**2 + 2*u - 1. Let a(l) = 2*l - 6 + 2 - 5*l + 2. Let b be a(-1). Let q be o(b). Calculate d(q).
-5
Let p be ((-48)/(-14))/(168/784). Let z(f) = 2*f - 17. What is z(p)?
15
Let j(s) = s**2 - 12*s + 16. Suppose -r - 51*c + 6 = -47*c, -2*c + 8 = r. Calculate j(r).
-4
Let m(v) = -5*v + 18. Let y(o) = -6*o + 18. Let d(n) = 5*m(n) - 4*y(n). Let p = -2186 - -2186. Give d(p).
18
Let h(q) be the third derivative of -q**6/120 + 3*q**5/20 - q**4/3 + 5*q**3/6 - 3*q**2 + 5. Determine h(8).
5
Let y(o) = -10*o**2 + 1. Suppose b = 3*p - 7, 4*p = -3*b + p + 3. Calculate y(b).
-9
Let p = 36 + -34. Suppose -2*j = -5*r - p, 2*j + 2*r - 3*r = -6. Let f(d) = -d**3 - 6*d**2 - 5*d - 3. Give f(j).
-15
Let y = 14 - 10. Suppose -i + 0 = y. Let d(h) = -2*h - 1. Calculate d(i).
7
Let s(j) = 8*j**3 - 6*j - 7. Let o(c) = 3*c**3 + c**2 - 2*c - 1. Let l(u) = 3*o(u) - s(u). What is l(-4)?
-12
Let m(n) = 3*n - 2. Let i be m(2). Let p(x) be the second derivative of -x**3/2 + 5*x**2/2 - 304*x. Give p(i).
-7
Let s(b) = b**3 - 2*b**2 + b - 2. Suppose q = 3*q + 48. Let u be (-14)/(-49) + 5/((-70)/q). Determine s(u).
0
Let a(c) = -4*c**3 + c**2 + 12*c - 21. Let x(n) = -n**3 + 3*n - 5. Let b(y) = 2*a(y) - 9*x(y). Suppose 0 = 2*s - s + 3. What is b(s)?
3
Let h(l) = -l**2 - 2*l + 3. Let z = -29 + 19. Let c be 28/(-10) - (-2)/z. Give h(c).
0
Let j(n) = -7*n**2 - 12*n - 9. Let v(o) = -16*o**2 - 25*o - 19. Let t(g) = 7*j(g) - 3*v(g). Give t(-9).
-6
Let w(g) = -2*g + 8. Let n = -4 - -10. Let v be w(n). Let s(j) = 10 + j**3 - 7*j + 3*j**2 + 11 - 26. Give s(v).
7
Let q(o) = o**2 - 8*o + 3. Let s = 33 - 31. Let n(b) = 11 - b**s + 6*b - 18 - 3*b**3 + 2*b**3 + 13. Let m be n(-3). What is q(m)?
-9
Let a(o) be the third derivative of -o**6/120 - o**5/15 + o**4/24 - o**3/6 + o**2. Suppose -18*w - 8 = 19*w - 35*w. Calculate a